(54 + 35 + -12)?
-62
Calculate -15 + -5 + 11 - (10 - 30).
11
What is the value of -2 + 6 + 2198 + -2283?
-81
Calculate -56 - -21 - 47 - (-13 + -3 - -5).
-71
What is the value of (0 - -6) + (-13 + 1 - (1655 - 1654))?
-7
What is (3192 - 3136) + (-2 - -21)?
75
What is the value of -6 - (1 - 1) - (-32 + -40 + 93 + -29)?
2
Calculate 1 + -190 + -517 + 603.
-103
(-58 - -3) + (3399 - 3320)
24
What is -23 - (-23 + 7 + (-13 - -10))?
-4
What is 59 - (173 + 11 - 38)?
-87
What is (58 - -71 - 105) + -32?
-8
Calculate 25 - 26 - (-16 + 9 + 13 + -1) - -27.
21
What is 8 - (4 + -8 - -6)?
6
What is the value of (-16 - (11 - (13 - 1))) + 13 + 13 + 0?
11
Evaluate (27 - 5) + (-57 - (9 - 12)).
-32
77 + -84 + (5 - (2 - 2)) + -4
-6
What is (0 - (0 + -2) - (49 - 36)) + -42?
-53
(-2 - (-2 + -1 - 3)) + 65 + -152 + 78
-5
What is (5 - (14 - -7)) + (-2 + 34 - -19)?
35
Calculate 120 + -110 + -18 + 11.
3
What is 19 + 26 - 71 - 8?
-34
Evaluate 5 + 187 + (2564 - 2662).
94
Calculate 18 + (1 + -14 - -49) + 16.
70
Evaluate -47 + (-10 + -6 + 33 - -5).
-25
-2 - -4 - (-5 + 5 + (-19 - -9) - -51)
-39
What is the value of (120 - 15) + -98 + (-3 - -42)?
46
What is -108 + (-24 + 9 - -17) + (-8 - -8 - 5)?
-111
Calculate 32 - (20 + (51 - 89)).
50
What is the value of 13 + 15 + (12 - 51) + -21?
-32
What is the value of -6 + 12 - (-3 - ((0 - 0) + -14 + 10))?
5
What is the value of (-10 + 19 + -25 - (-1 - 2)) + -6?
-19
What is 21 + (-44 - -4) + 14?
-5
Calculate 4 - 67 - (-115 - 2).
54
What is -1 + (34 - (15 - (-1 - -10)))?
27
What is the value of 59 + 39 + -56 + (-44 - -25)?
23
What is the value of -176 + 180 + (-34 - 7)?
-37
(-2 - 4) + (-15 - (-12 - 0)) + (34 - 0)
25
What is -2 + (-17 - ((-3 - -13 - 88) + 18))?
41
Calculate 25 + -32 + 16 + 9 + 1.
19
(8 - (145 + -13) - (0 - -1)) + 296 + -286
-115
What is the value of (126 - 131) + -47 - ((0 - -2) + -2)?
-52
Calculate -12 - ((7 - -4) + 14) - (-2 + 15).
-50
Evaluate (-4 - -3 - (-8 + (-11 - -28 - 12))) + -2.
0
Evaluate (-4 - -1 - 4) + 91 + 25 + -10 + 4.
103
Evaluate 678 + -654 - (-17 + -1) - 14.
28
What is the value of 17 + -73 + 49 + (-7 + 1 - -2)?
-11
Calculate 3 + 2 - (-1 + 6) - ((-9 - -61) + -13).
-39
Evaluate 0 - 5 - (-29 - 19 - 13).
56
What is the value of -131 - (17 + -22 + -27) - 8?
-107
What is the value of (5 - ((-7 - (-18 - 4)) + (-5 - 21))) + -154?
-138
What is the value of (6 - (-23 + 3 + 5 + 8 + -8)) + 1?
22
15 + -61 - -33 - (-76 - 0)
63
What is (-80 + 6 - -13) + (-8 - -20) + -10 + -7?
-66
63 - (48 - -43) - (18 + 2)
-48
(-2 - -6) + (3 + -12 - (2 - 54))
47
-3 + 28 + -2 - (1474 - 1451)
0
Calculate (6 - 2) + (-51 - 1 - -15).
-33
Evaluate 49 + -1 - (-43 + 60 + -36 - -26).
41
Calculate -85 + 123 + (6 - -36) + 33.
113
Evaluate (67 - 130 - -48) + 40.
25
What is the value of (-6 - 104 - -52) + 1?
-57
Calculate 9 - (44 + -2 - -1 - (26 - -23 - 36)).
-21
Evaluate 7 + (15 + -44 - -3) - 34.
-53
0 + -34 + (-280 + 531 - 214)
3
What is the value of (1 + (-2 - 4) - -14) + -30 - (-9 - -10)?
-22
What is the value of -2 - 0 - (2 + -4 + (-10 - 15) - 38)?
63
What is the value of (1773 - 1690) + (-44 - -3)?
42
Evaluate (3 - -15) + (0 - 27 - 17).
-26
What is the value of -4 + 43 + -30 - (-6 + 11 - -9)?
-5
Evaluate (-116 - -132 - (2 + 6)) + -1 + -80.
-73
What is the value of -48 - (127 + -79 + -52 - (0 + 5))?
-39
Calculate (-4 - 186) + 150 - (-1 + -8).
-31
What is the value of (50 - 12 - 40) + (-32 - -1)?
-33
Evaluate -18 + (-11 - -21) + (20 + -11 - 46) + -11.
-56
Evaluate 8 + -19 + 12 - (74 - 89).
16
What is -38 - 2 - (-12 + (17 - (-10 + -7 + 31)))?
-31
Evaluate (-87 + 83 + -3 + (-5 - -5) - -9) + 98.
100
10 + -7 + (-18 - 14) + 18 + 40 + -1
28
26 - (-55 - -57 - -54)
-30
Calculate -2 + -16 + 7 - (-27 + 16 + -30).
30
What is 38 - (-10 + (-52 - -49))?
51
(25 - 129) + (2 - (-39 - -8))
-71
Evaluate 98 - 54 - 42 - -31.
33
What is 9 + (1 - 25) + 12 + 61?
58
What is the value of -4 - -16 - (-54 + (-79 - -90))?
55
Calculate 5 + -60 + (-95 - -144).
-6
What is the value of (-13 - (-1 + -47)) + (5 - -29)?
69
134 - (105 + 9) - (2 + -80)
98
Evaluate 49 + 0 + (2402 - 2454).
-3
-2 - -3 - 11 - (1 - (26 - 7))
8
Evaluate 21 - (-83 - -160) - -79.
23
What is the value of 30 + (-127 - -18 - -31) + 15?
-33
8 - ((-17 - -28) + -15) - (-38 + -4)
54
Evaluate (-39 - (-14 + 12 + -6 + 11)) + -13.
-55
What is the value of -32 + 6 + (31 - (-17 + -43))?
65
What is the value of 24 - (17 + -3 + 43 + -41)?
8
-11 + 19 + -1 + (26 - 43)
-10
-52 + 14 + -113 + 182
31
What is -32 - (-6 + (7 - 4)) - (25 - 6 - 13)?
-35
Calculate -5 + (-38 - (-17 + -35) - (1 - 0)) - -133.
141
Calculate -887 + 891 - (-76 + 14).
66
Evaluate 9 + 0 + -11 + (58 + 23 - 0) + 8.
87
Evaluate -42 - -22 - 91 - -10.
-101
What is 19 + -2 + 2 - 3 - (37 - (9 + 23))?
11
Calculate (7 + -12 - (5 - -37)) + -5.
-52
Calculate -1 - (1 + -2 + -72 + 8) - (-30 + 22).
72
What is -46 + -78 + -18 - -80?
-62
Calculate 207 + (-49 - (64 + -24)).
118
-2 - (46 + -54 - 32)
38
-79 + -19 + 37 + (13 - (0 - 1) - 4)
-51
Calculate -100 + 3 + -3 + (-4193 - -4157).
-136
What is -52 - (-72 + 66 + (-18 - -2))?
-30
Evaluate 4 + 14 + -8 + (-11 - -5) + 18.
22
What is the value of (15 - (-3 + -8)) + 24 + 27 + -5?
72
What is 7 + -85 + 37 - -10?
-31
Calculate -3 + 24 - (3 - 2 - (16 - 29)).
7
Calculate -43 + 146 + -202 - (31 + -3).
-127
What is (6 - (-6 - -25)) + 4 - (-20 + (3 - 13))?
21
What is the value of 42 - 2 - (27 + -45 + 44)?
14
What is the value of 98 - (21 + (7 - -15) + -17)?
72
-65 + -2 - (167 + -91 - 88)
-55
What is the value of (7 - 51) + (-692 - -759)?
23
Evaluate -6 + -30 + 5 + 40.
9
Evaluate 55 + -40 + 10 - 71.
-46
Evaluate 4 - (2 - 0) - (45 - 81 - -37) - -72.
73
Evaluate 84 - (-42 - (-120 + -79)).
-73
Calculate 5 + 3 - ((12 - (-7 + 7 + 4)) + -3).
3
What is the value of -121 - 2 - ((0 - -5) + -12 + (12 - 11))?
-117
Evaluate -49 + (112 + -2 - -47).
108
What is the value of -13 + -14 + 12 + 15 + -6 + -2 + 18?
10
Evaluate (-1 + 5 - -7) + 37 + -48 + 42 + -6.
36
Evaluate 26 - (-9 + -6 + -8 + -4 + 28).
25
Calculate -5 - (-2 + 10 - (18 - (-8 - -3) - -60)).
70
What is the value of -16 + (-6 - (7 - (-18 - -25) - -15))?
-37
Calculate (-14 - -49) + (13 - 60).
-12
What is the value of 106 - (-19 - 1 - (149 - 181)) - (-13 - 1)?
108
Evaluate -40 + 41 + 20 + -43.
-22
Calculate (-14 - 3) + (-35 - -48).
-4
16 - (31 - 14 - 4 - -9)
-6
Calculate 2 + 2 + (-20 - -22) + (-49 - -44).
1
Evaluate (-512 - -536) + 38 + 3.
65
What is the value of -7 - -1 - (40 + -90 - -41)?
3
Evaluate 52 - (36 - (-47 - -95)).
64
What is 162 + -33 + -139 + 2 + 0 + -32?
-40
Calculate (189 - 288) + ((1 + -4 - 8) + 4 - 4).
-110
What is the value of -6 + -83 + (-24 - -62)?
-51
Calculate -2 + -9 + -44 - (-291 + 293).
-57
Calculate (-12 - 41 - -95) + -34.
8
Calculate (4 - 6) + 49 + -47 - 13.
-13
Evaluate (2 - -7) + 0 + (-81 - (-1 - 57)).
-14
Evaluate -121 + 56 + 8 + 58.
1
Evaluate -13 - (-11 - (-15 + 19 - 78)).
-76
-11 - (-6 + -20 + (2 - -1) - (-76 + 82))
18
What is the value of -107 - (-3 - (-37 - 2 - -28))?
-115
(0 - -4 - (2342 + -2376)) + 38
76
Evaluate 1 + 15 + -12 + (-43 - -24) + 102.
87
Evaluate (-29 - (-86 - -44)) + 47.
60
What is (-19 - -7) + -11 + (-44 - -21)?
-46
What is the value of 14 + (-34 - -3) + 6 + 13 + (87 - 1)?
88
-3 + 6 + 0 + -38 + 19 + 25 + -12
-3
What is the value of 93 + -42 + 5 - (1 - 9) - 13?
51
Evaluate 122 - (19 - (53 + (-6 - 38)) - (0 - 3)).
109
What is 22 + 15 + 19 + -15 + 10?
51
What is the value of (-15 + 75 - 65) + (61 - (2 - 2))?
56
What is (34 - 26) + 0 + 8 + (-162 - -152)?
6
What is -30 + -6 + 8 - -22?
-6
(5 - 2) + 16 + -38 + (3 - -17)
1
What is the value of 120 + (2 - 18) + (26 - 17) + -6 + -2?
105
Calculate 26 - (8 - (7 - 3)) - 77.
-55
Evaluate 0 + 0 + -1 + (59 + -197 + 50 - -40).
-49
What is the value of (-55 + 32 - -4) + 6 + 6?
-7
Evaluate 23 + -41 + 107 + -50.
39
What is 1966 + -1982 - (-55 - (1 - 1))?
39
What is 39 + -23 + -28 - -10?
-2
What is -23 + -83 + -19 + 31?
-94
Calculate 1 + 7 + -4 + (32 + -25 - (-38 - 2)).
51
Evaluate -22 + (10 - 4 - -33).
17
What is (-2 + -48 - 1) + 3 + -202 + 182?
-68
(-46 - (3 + -17)) + 12 + -44 + 0 + 0
-64
Calculate (-2 + 0 + 0 - (-1168 + 1221)) + -8 + 3.
-60
What is the value of (5 - 7) + -2 + 37 - (17 + -14 - 7)?
37
Calculate (11 - 5 - -3 - -32) + (-4 - 0).
37
Evaluate -19 - (-1 - 14) - -45.
41
Evaluate 203 + -105 + (-145 - -96